8540?
5
What is the millions digit of 1347803232?
7
What is the hundreds digit of 2455311701?
7
What is the hundred thousands digit of 5661347195?
3
What is the ten thousands digit of 988588932?
8
What is the units digit of 164467077?
7
What is the thousands digit of 91113002?
3
What is the hundreds digit of 11685689?
6
What is the hundreds digit of 10715569?
5
What is the ten thousands digit of 196416073?
1
What is the millions digit of 1401663007?
1
What is the hundred thousands digit of 33352297?
3
What is the tens digit of 1738378384?
8
What is the tens digit of 26885774?
7
What is the millions digit of 73046350?
3
What is the thousands digit of 212066989?
6
What is the ten thousands digit of 125589160?
8
What is the tens digit of 646775132?
3
What is the millions digit of 7549017100?
9
What is the thousands digit of 691273112?
3
What is the millions digit of 78704220?
8
What is the millions digit of 283250360?
3
What is the hundreds digit of 1302392535?
5
What is the ten millions digit of 94013607?
9
What is the hundreds digit of 131892563?
5
What is the tens digit of 745426290?
9
What is the hundreds digit of 918114769?
7
What is the units digit of 691095295?
5
What is the hundred thousands digit of 86437965?
4
What is the hundred thousands digit of 74820328?
8
What is the billions digit of 1094410361?
1
What is the ten thousands digit of 1515512677?
1
What is the ten millions digit of 1651739944?
5
What is the ten millions digit of 20159753?
2
What is the hundred thousands digit of 6513531750?
5
What is the hundred thousands digit of 484886?
4
What is the millions digit of 209074534?
9
What is the tens digit of 298790738?
3
What is the hundreds digit of 1480819825?
8
What is the units digit of 59624508?
8
What is the ten millions digit of 69471706?
6
What is the millions digit of 4287877444?
7
What is the thousands digit of 2489164260?
4
What is the tens digit of 37645572?
7
What is the tens digit of 2152312220?
2
What is the units digit of 39181415?
5
What is the hundreds digit of 744056122?
1
What is the tens digit of 10071715?
1
What is the units digit of 399739934?
4
What is the hundreds digit of 3322387079?
0
What is the hundred millions digit of 188240138?
1
What is the units digit of 65033845?
5
What is the ten thousands digit of 796788530?
8
What is the units digit of 32941828?
8
What is the ten thousands digit of 280241333?
4
What is the hundred thousands digit of 495766736?
7
What is the tens digit of 14739004?
0
What is the hundred millions digit of 1532528853?
5
What is the millions digit of 57261581?
7
What is the units digit of 26676992?
2
What is the thousands digit of 4344863340?
3
What is the hundred thousands digit of 21926586?
9
What is the hundred thousands digit of 527344237?
3
What is the millions digit of 144557304?
4
What is the thousands digit of 2589870670?
0
What is the hundred thousands digit of 802149340?
1
What is the thousands digit of 338012437?
2
What is the millions digit of 158864559?
8
What is the millions digit of 110760489?
0
What is the millions digit of 108318522?
8
What is the hundred thousands digit of 217312171?
3
What is the ten millions digit of 73681677?
7
What is the units digit of 827305783?
3
What is the tens digit of 5124241501?
0
What is the millions digit of 290491357?
0
What is the units digit of 38401493?
3
What is the hundreds digit of 18390501?
5
What is the ten thousands digit of 3243473422?
7
What is the units digit of 904658406?
6
What is the hundred thousands digit of 212738836?
7
What is the hundred thousands digit of 305944181?
9
What is the units digit of 1839245047?
7
What is the units digit of 363656769?
9
What is the hundred millions digit of 141268701?
1
What is the millions digit of 1141345004?
1
What is the hundreds digit of 4544547268?
2
What is the millions digit of 6956195939?
6
What is the hundred thousands digit of 125060044?
0
What is the tens digit of 349555159?
5
What is the billions digit of 4479727630?
4
What is the millions digit of 68786782?
8
What is the hundred thousands digit of 79344349?
3
What is the hundreds digit of 24127546?
5
What is the hundred millions digit of 104474778?
1
What is the ten millions digit of 572838736?
7
What is the millions digit of 131537329?
1
What is the hundreds digit of 1316949230?
2
What is the ten thousands digit of 54969836?
6
What is the thousands digit of 4554355305?
5
What is the millions digit of 4652837336?
2
What is the thousands digit of 460959137?
9
What is the ten thousands digit of 96355844?
5
What is the tens digit of 73940652?
5
What is the units digit of 1072240904?
4
What is the ten millions digit of 16363586?
1
What is the tens digit of 1758108854?
5
What is the hundred thousands digit of 246932898?
9
What is the millions digit of 41395000?
1
What is the millions digit of 2234533383?
4
What is the tens digit of 3359712333?
3
What is the millions digit of 54636807?
4
What is the hundred millions digit of 169125035?
1
What is the millions digit of 1154936993?
4
What is the ten millions digit of 370546773?
7
What is the hundreds digit of 312356165?
1
What is the hundreds digit of 94458268?
2
What is the billions digit of 2790684662?
2
What is the hundred millions digit of 1221378950?
2
What is the hundreds digit of 192378558?
5
What is the tens digit of 903373327?
2
What is the hundred thousands digit of 413558252?
5
What is the thousands digit of 42580365?
0
What is the ten millions digit of 175842399?
7
What is the ten millions digit of 722487875?
2
What is the tens digit of 733904739?
3
What is the ten thousands digit of 544565544?
6
What is the units digit of 1379096?
6
What is the hundred thousands digit of 2378799794?
7
What is the hundreds digit of 300416262?
2
What is the millions digit of 1535076?
1
What is the millions digit of 1430084155?
0
What is the ten millions digit of 59689625?
5
What is the tens digit of 820508389?
8
What is the hundreds digit of 12982730?
7
What is the hundred thousands digit of 180053676?
0
What is the hundred thousands digit of 1404885368?
8
What is the ten thousands digit of 1011644?
1
What is the hundreds digit of 109145680?
6
What is the thousands digit of 325932301?
2
What is the thousands digit of 51216583?
6
What is the millions digit of 304829593?
4
What is the ten thousands digit of 9487372164?
7
What is the ten millions digit of 11963742?
1
What is the ten millions digit of 40706897?
4
What is the tens digit of 867655?
5
What is the thousands digit of 52954081?
4
What is the billions digit of 4745342026?
4
What is the thousands digit of 38861157?
1
What is the thousands digit of 91611752?
1
What is the hundred thousands digit of 317037857?
0
What is the units digit of 492771914?
4
What is the ten millions digit of 1444138529?
4
What is the ten thousands digit of 3126270923?
7
What is the millions digit of 1313711865?
3
What is the millions digit of 502557176?
2
What is the millions digit of 23874914?
3
What is the ten millions digit of 141617586?
4
What is the units digit of 104289760?
0
What is the thousands digit of 28986773?
6
What is the ten thousands digit of 175979592?
7
What is the ten millions digit of 508625190?
0
What is the ten millions digit of 17221750?
1
What is the hundreds digit of 212488706?
7
What is the hundreds digit of 58624215?
2
What is the hundreds digit of 1632097506?
5
What is the ten millions digit of 51949555?
5
What is the hundred thousands digit of 53962363?
9
What is the hundreds digit of 294239983?
9
What is the hundred thousands digit of 2072826152?
8
What is the thousands digit of 297764100?
4
What is the units digit of 153889090?
0
What is the units digit of 32965094?
4
What is the tens digit of 12989242?
4
What is the thousands digit of 1340743859?
3
What is the ten millions digit of 73166141?
7
What is the millions digit of 39695833?
9
What is the billions digit of 1248760322?
1
What is the thousands digit of 60130615?
0
What is the hundred millions digit of 204708075?
2
What is the billions digit of 3994843618?
3
What is the hundreds digit of 330011934?
9
What is the tens digit of 142519788?
8
What is the ten thousands digit of 7697603?
9
What is the ten thousands digit of 875933323?
3
What is the thousands digit of 17485